ommon divisor of l and 16.
16
Suppose 0 = -x - 3*b + 49, -5*b + 4*b = 5. Calculate the highest common divisor of 56 and x.
8
Suppose 27*r - 23*r - 2*i = 1380, -5*i + 1366 = 4*r. What is the highest common divisor of r and 8?
8
Let t = 1734 - 1705. Calculate the greatest common divisor of t and 261.
29
Let v = -263 - -414. Suppose -m + 4*c + 9 = -v, -4*m + 3*c = -653. What is the greatest common divisor of 41 and m?
41
Let s(w) = w**3 + 5*w**2 + 2*w + 6. Let r be s(-5). Let k be (-514)/(-8) + 1/r*1. What is the greatest common divisor of 8 and k?
8
Let k = -49 + 174. What is the highest common factor of k and 5?
5
Let d = 122 - 118. Let g(c) = 7*c**2 - 8. Let k be g(d). Let i = 11 - -2. What is the greatest common factor of i and k?
13
Let a = 318 - 151. Suppose h + h + 114 = 0. Let o = a + h. Calculate the greatest common factor of o and 10.
10
Suppose 2*q = r - 0*q - 2253, 0 = 4*r - 5*q - 9006. What is the highest common divisor of r and 13?
13
Suppose -185 = -8*k + 23. Calculate the greatest common factor of k and 299.
13
Let p be 7 - ((-6 - 8) + -4). What is the highest common factor of p and 125?
25
Let y = -13 + 0. Let i(x) = x**2 + 11*x. Let q be i(y). What is the greatest common factor of 78 and q?
26
Let i(z) = 24*z - 88. Let u be i(23). Calculate the greatest common divisor of u and 58.
58
Let d(h) = -h**3 + 60*h**2 - 56*h - 8. Let w be d(59). Calculate the highest common factor of 13 and w.
13
Let g be 2*(2/(-4) + 2). Suppose -v + 4*j = -2*v + 17, 18 = v + g*j. Calculate the highest common divisor of 14 and v.
7
Suppose -4*a + 14 = -98. Let r be 2 - 6 - -10*1. Let g be (2 - (3 + r))/(-1). What is the highest common factor of g and a?
7
Suppose 0 = 2*g + 4*a - 10, -15 = g - 2*g - 4*a. Let l be ((-34)/g - -4)*10. Let p(z) = 3*z. Let y be p(4). Calculate the greatest common factor of l and y.
12
Suppose -2*t - 40 = -6*t. Suppose -4 = 3*s - t. Calculate the highest common divisor of 1 and s.
1
Suppose -103 = -3*p + l, -2*p + 3*l = 18 - 75. What is the greatest common divisor of 24 and p?
12
Suppose -14*x - 191 = -821. What is the greatest common factor of 105 and x?
15
Suppose 7*w - 11*w - h + 256 = 0, 0 = w - 3*h - 64. Calculate the greatest common factor of 80 and w.
16
Let o(m) = -1 - m**2 - 4*m**2 - 79*m**3 + 4*m**2 - 3*m + 0*m. Let h be o(-1). Suppose 4*y + 22 = 102. Calculate the greatest common factor of h and y.
20
Let j = -928 + 954. What is the greatest common divisor of 13 and j?
13
Let b = 150 - 87. What is the greatest common divisor of b and 9?
9
Let y be (-2)/(-3) + (-2)/3. Let m be 94/2 + y + 1. Suppose -140*w = -55*w - 510. What is the greatest common factor of m and w?
6
Let a = -62 + 88. What is the highest common factor of 169 and a?
13
Suppose -37 = d + 2*z - 224, 0 = -2*d - 3*z + 374. Calculate the greatest common factor of d and 153.
17
Suppose 5*q - 1 = y + 17, 4*y = -5*q + 28. Let s be -3 + 32 + -1 + y. Suppose s = f - 201. What is the highest common divisor of f and 21?
21
Suppose 3*x - 3 = 0, -2*r + 10*x = 5*x - 27. Suppose -2*i + 44 + 48 = 0. Let n = 158 - i. What is the greatest common divisor of n and r?
16
Suppose -3*q - 36 = -3*s + 12, -5*q + 4 = 2*s. Let x be (-2)/((-66)/15 - -4). Let y be (-537)/(-15) - (-1)/x. What is the highest common divisor of y and s?
12
Suppose 375 + 25 = 5*w. Suppose 0 = 4*t - 5*p - 89, 3*t - 75 = -2*t - p. Calculate the greatest common factor of w and t.
16
Let a = -215 + 240. What is the greatest common divisor of 20 and a?
5
Suppose -27*d + 322 = -20*d. Calculate the greatest common factor of d and 138.
46
Let q = 345 + 270. What is the highest common divisor of q and 30?
15
Let r(z) = -z**2 - 21*z + 34. Let o be r(-19). Calculate the highest common factor of o and 96.
24
Suppose 150 = f + 2*b - 97, -2*f - 3*b + 492 = 0. Calculate the greatest common factor of 9 and f.
9
Suppose -5*h - 77 + 17 = 0. Let p = -6 - h. Suppose -246*o - 123 = -265*o - 9. Calculate the greatest common divisor of p and o.
6
Let j(z) = z**3 - 10*z**2 + 18*z - 42. Let r be j(9). Let y = 7 + 19. Calculate the highest common divisor of y and r.
13
Let z be (2 + 0)*14/(-28). Let u be -99*z/1*1. What is the greatest common factor of u and 22?
11
Suppose -2*a + 45 = a. Let y = 247 - 82. Calculate the greatest common divisor of a and y.
15
Let n be 3 - 1 - 5 - -18. Suppose 0 = -9*t + 4*t + 50. What is the highest common divisor of n and t?
5
Let p(b) = b**3 + 5*b**2 - 5*b - 4. Let h be p(-3). Let n = h - -3. Calculate the greatest common divisor of n and 4.
4
Suppose -3*s + 20 = -5*x, -s - 2*x = -3*x - 8. Let z = s - 4. Let n = -1072 + 1074. What is the highest common divisor of z and n?
2
Let q(a) = 3*a**2 - 4*a + 3. Let w be q(3). What is the greatest common factor of w and 9?
9
Suppose -z - 2*d + 22 = 0, -z - 2*z = -3*d - 102. Suppose -8 = 2*i, 0*o - 2*o = -2*i - z. Let h = -40 - -84. What is the greatest common divisor of h and o?
11
Suppose 7*l - 10*l = -228. Calculate the highest common factor of l and 456.
76
Let f be 30*(1 + (-6)/(-4)). Let r(z) = -z**3 - 2*z**2 - 37*z - 210. Let p be r(-5). Calculate the greatest common factor of f and p.
25
Suppose 5*m + 2*b - 28720 = 0, 0 = 5*m - 174*b + 175*b - 28725. Calculate the greatest common divisor of m and 34.
34
Let z be 282/(-30) + 3/(-5). Let s(d) = d**3 + 11*d**2 - 5*d - 6. Let o be s(z). Calculate the greatest common divisor of 48 and o.
48
Let q = -28 + 35. Suppose 5*f + 48 = q*f. Calculate the highest common factor of f and 264.
24
Suppose w = -2*c + 477, 3*c + w - 717 = -0*w. Suppose 2*y = -3*h + 240, -3*h + 0*h - 4*y = -c. What is the greatest common factor of 10 and h?
10
Let f = -470 - -695. Calculate the highest common factor of 27 and f.
9
Let u(j) be the first derivative of -j**3/3 - 13*j**2/2 + 4*j - 3. Let x be u(-13). Let v be (20/3)/(x/6). Calculate the greatest common divisor of v and 1.
1
Let l be (9/3 + -103)/(-2). Let z = -26 + l. What is the highest common divisor of 16 and z?
8
Suppose -4*m = -23 - 1. Suppose -2*q = -q - u + 2, q + 5*u = 16. Let s be (-36)/q*(-18)/27. Calculate the highest common factor of m and s.
6
Let m(y) = -y**3 - 37*y**2 + 77*y - 21. Let j be m(-39). Let r(k) = -k**3 - 3*k**2 + 3*k + 5. Let f be r(-4). Calculate the highest common divisor of f and j.
9
Let x be -13 + (-284)/(-3) + (-10)/6. Calculate the greatest common factor of 10 and x.
10
Let c be (16/6)/((-440)/75 - -6). Let n(u) = -u**2 + 8*u - 3. Let i be n(7). Calculate the greatest common divisor of c and i.
4
Let s be ((-7)/(-14))/((-1)/2). Let t = s - -9. Calculate the highest common divisor of t and 8.
8
Let p = -1254 + 1632. Calculate the highest common divisor of 81 and p.
27
Suppose 3*o + 8 = -o. Let z be 0*(5/o)/(-5). Suppose z = -3*b + 2*b + 32. Calculate the greatest common divisor of b and 96.
32
Let g(b) = -b**2 - 97*b - 366. Let h be g(-66). What is the highest common divisor of h and 112?
112
Suppose 0*g = g - 6. Let a = 17 - -1. Suppose 0 = 19*h - a*h - 9. What is the highest common divisor of g and h?
3
Let g(i) = 5*i**3 - 4*i**2 - i + 27. Let n = -71 + 75. Let f be g(n). Calculate the greatest common divisor of f and 31.
31
Suppose -7*q + 12*q = -2970. Let o be (-4)/14 - q/21. Calculate the highest common divisor of 7 and o.
7
Let d = -1337 - -1361. What is the highest common divisor of 704 and d?
8
Let i = -22 + -2. Let d be 4/(-3)*i*1. Suppose 2*y - u + 4478 - 4743 = 0, 0 = 2*y - 3*u - 283. Calculate the greatest common divisor of y and d.
32
Let v = 2879 - 2844. What is the greatest common factor of 35 and v?
35
Suppose o = -2*o - q + 185, -2*o + 4*q = -142. Calculate the greatest common divisor of o and 18.
9
Let i(z) = 30*z - 42. Let f be i(3). What is the greatest common divisor of 504 and f?
24
Let u = 7 - -7. Let z(x) = x - 4. Suppose 4*p - 3*n = 36, 0 = 5*p - p + n - 20. Let j be z(p). Calculate the greatest common divisor of u and j.
2
Let q = -235 - -175. Let s be 1/((-6)/q + 0). What is the greatest common divisor of 5 and s?
5
Suppose 58*n + 52*n - 3672 = 42*n. Suppose 40 = 3*x + 4. What is the greatest common factor of x and n?
6
Let r = 29 - 19. Suppose 5*f - 90 - r = 0. What is the greatest common divisor of f and 10?
10
Let o be (-12271)/(-35) - -4*3/(-20). Calculate the highest common factor of 14 and o.
14
Let x 